
Is 1734379 a prime number?
False
Is 89555119 prime?
False
Is 298013 a composite number?
False
Is 223572053 composite?
False
Is 190963991 a composite number?
True
Is 5078135 prime?
False
Is 47068927 composite?
True
Is 52342651 a composite number?
True
Is 308701 composite?
False
Is 152872519 a composite number?
False
Is 4486073 a prime number?
True
Is 105949843 a prime number?
True
Is 149746021 prime?
True
Is 2432347 composite?
True
Is 42060131 a composite number?
True
Is 204067 prime?
True
Is 87071 prime?
True
Is 12564563 a composite number?
True
Is 8676691 prime?
True
Is 731953 a composite number?
True
Is 7949555 a prime number?
False
Is 27346211 a composite number?
False
Is 15811451 prime?
False
Is 118465831 a composite number?
True
Is 117427 a prime number?
True
Is 5908235 prime?
False
Is 5203127 composite?
True
Is 937207 a composite number?
False
Is 19348955 prime?
False
Is 36374882 a prime number?
False
Is 2898359 composite?
False
Is 537909355 a composite number?
True
Is 1135733 a composite number?
False
Is 6665891 composite?
True
Is 327886277 prime?
True
Is 7730881 a composite number?
False
Is 2527387 composite?
True
Is 2985431 prime?
True
Is 121342841 composite?
False
Is 313423 a prime number?
False
Is 94848643 prime?
True
Is 72961579 a composite number?
False
Is 1059614 a composite number?
True
Is 8089451 a composite number?
False
Is 14036449 composite?
True
Is 206926273 a prime number?
True
Is 592297 a prime number?
False
Is 11723807 a composite number?
True
Is 80030855 composite?
True
Is 212343343 prime?
False
Is 320572201 a composite number?
False
Is 19381457 prime?
True
Is 19021183 a prime number?
True
Is 2925863 a prime number?
False
Is 833943827 a composite number?
False
Is 4292426 prime?
False
Is 42639863 a prime number?
False
Is 225651373 prime?
False
Is 4193863 prime?
False
Is 38381267 prime?
False
Is 5014073 a composite number?
False
Is 44621389 a composite number?
True
Is 1742771 a prime number?
True
Is 199866817 a prime number?
False
Is 83075093 a composite number?
False
Is 22901539 composite?
False
Is 27649421 prime?
True
Is 2099809 composite?
False
Is 9051697 a composite number?
False
Is 169847341 a prime number?
False
Is 11530735 a composite number?
True
Is 1309204073 composite?
False
Is 2670466 composite?
True
Is 38401 a prime number?
False
Is 18116309 a composite number?
True
Is 1418399 a composite number?
False
Is 172296973 a composite number?
True
Is 15028853 a prime number?
False
Is 309049489 a composite number?
True
Is 389783813 composite?
False
Is 68131577 prime?
True
Is 94024951 a composite number?
False
Is 27974147 a prime number?
False
Is 480287 composite?
False
Is 786555723 a prime number?
False
Is 157543081 a prime number?
False
Is 11454011 composite?
False
Is 2127943 composite?
True
Is 57965449 prime?
True
Is 19199379 a prime number?
False
Is 2314657 a composite number?
True
Is 577474967 a composite number?
False
Is 4998223 a composite number?
True
Is 243392203 composite?
False
Is 876500693 a prime number?
True
Is 249785 a composite number?
True
Is 5824213 composite?
True
Is 84812729 a prime number?
True
Is 8798147 a prime number?
True
Is 23990443 a prime number?
False
Is 8527867 composite?
False
Is 5790919 a composite number?
False
Is 9874567 a prime number?
False
Is 50183851 prime?
True
Is 2113391 a prime number?
False
Is 41761861 composite?
False
Is 188422053 prime?
False
Is 4064133 prime?
False
Is 5860397 a composite number?
True
Is 517964059 prime?
True
Is 20742733 prime?
False
Is 6441697 composite?
False
Is 984443509 prime?
False
Is 5000539 prime?
True
Is 434014307 a prime number?
False
Is 2993651 prime?
True
Is 3363593 a prime number?
False
Is 326097203 composite?
False
Is 3282121 a composite number?
False
Is 9736733 a prime number?
False
Is 57086137 a composite number?
True
Is 2851157 composite?
True
Is 285421 prime?
True
Is 220192169 composite?
False
Is 34875397 prime?
True
Is 22635127 composite?
True
Is 9416171 a composite number?
False
Is 60508073 a prime number?
True
Is 1063879 prime?
False
Is 53936594 composite?
True
Is 55050473 a prime number?
False
Is 32505817 composite?
True
Is 757049 composite?
True
Is 7714819 prime?
False
Is 447565 a composite number?
True
Is 11018639 a prime number?
True
Is 194107699 a composite number?
True
Is 21429431 a prime number?
False
Is 21275203 a prime number?
True
Is 11123135 a prime number?
False
Is 47238439 composite?
False
Is 124345001 a composite number?
True
Is 65106367 composite?
False
Is 5162447 a composite number?
False
Is 5465569 a composite number?
True
Is 33860809 composite?
True
Is 9787013 composite?
True
Is 335191 a prime number?
False
Is 4145951 a composite number?
False
Is 50808403 a prime number?
False
Is 10153069 a composite number?
False
Is 10551037 a composite number?
True
Is 377171 a prime number?
True
Is 1785947 a prime number?
True
Is 5449391 prime?
True
Is 110713843 prime?
False
Is 13214137 a composite number?
False
Is 138898709 a prime number?
False
Is 69852623 prime?
False
Is 35824697 a composite number?
False
Is 64150643 a prime number?
True
Is 40886029 a composite number?
False
Is 2245747 a composite number?
True
Is 35060977 a prime number?
False
Is 166204757 a composite number?
False
Is 143043367 a composite number?
False
Is 511057 composite?
False
Is 100239539 a prime number?
True
Is 21734539 a prime number?
False
Is 9508699 composite?
False
Is 329855237 a composite number?
False
Is 22515923 prime?
True
Is 1099661237 composite?
True
Is 5887711 composite?
False
Is 25978607 composite?
False
Is 521897 composite?
False
Is 47101841 a composite number?
False
Is 61686767 prime?
True
Is 4832497 prime?
False
Is 13423097 prime?
True
Is 390766535 prime?
False
Is 168838097 a composite number?
False
Is 311704513 a prime number?
True
Is 488484217 a prime number?
False
Is 21121 prime?
True
Is 229760849 prime?
False
Is 91709545 prime?
False
Is 2558861 a composite number?
False
Is 12653257 prime?
True
Is 2125313 composite?
False
Is 3139555 prime?
False
Is 901631 composite?
True
Is 5088131 a composite number?
True
Is 184669 prime?
True
Is 89930201 a composite number?
False
Is 42981178 composite?
True
Is 5759651 a composite number?
True
Is 1797661 prime?
False
Is 8706059 a prime number?
True
Is 8283397 composite?
False
Is 2702449 a prime number?
True
Is 7499057 a composite number?
True
Is 7065031 composite?
False
Is 105313 a composite number?
True
Is 14996747 composite?
True
Is 412745 a composite number?
True
Is 13672907 composite?
False
Is 1966331 a composite number?
False
Is 809964707 prime?
True
Is 41578 composite?
True
Is 9144041 a composite number?
True
Is 372309167 a composite number?
True
Is 33090199 prime?
True
Is 33056258 composite?
True
Is 26343269 prime?
False
Is 10092121 composite?
True
Is 1838167 a composite number?
False
Is 667987 a prime number?
True
Is 159664699 a composite number?
False
Is 5571179 prime?
True
Is 1866635 composite?
True
Is 2394731 a composite number?
False
Is 72483753 composite?
True
Is 16517309 composite?
True
Is 19479391 composite?
False
Is 938641 composite?
True
Is 51128969 a prime number?
False
Is 235753 a composite number?
True
Is 2182451 a prime number?
True
Is 11021105 a prime number?
False
Is 21651829 a prime number?
False
Is 52149871 a prime number?
True
Is 8222779 composite?
False
Is 384532685 a prime number?
False
Is 427367993 prime?
False
Is 68332469 a composite number?
True
Is 372247 a prime number?
False
Is 57775051 a prime number?
False
Is 525809 prime?
True
Is 1448171 composite?
False
Is 142989337 composite?
False
Is 73248191 composite?
True
Is 36071869 composite?
False
Is 1512897 composite?
True
Is 4213837 composite?
False
Is 3318031 composite?
False
Is 639343 prime?
False
Is 282858311 prime?
True
Is 85372765 a composite number?
True
Is 43490129 prime?
False
Is 1683667 a prime number?
True
Is 26990683 prime?
True
Is 6064477 prime?
False
Is 398062601 prime?
True
Is 4330941 a composite number?
True
Is 21263471 composite?
False
Is 17818091 a prime number?
False
Is 166965146 a composite number?
True
Is 15219341 a prime number?
True
Is 4450661 a composite number?
True
Is 15436373 a prime number?
True
Is 19918453 prime?
True
Is 14728093 a prime number?
True
Is 28973 composite?
True
Is 742757 prime?
True
I